{"id":53,"date":"2016-04-10T17:54:28","date_gmt":"2016-04-10T20:54:28","guid":{"rendered":"https:\/\/ppgsc2.uefs.br\/nuppiim\/?page_id=53"},"modified":"2024-06-07T14:17:46","modified_gmt":"2024-06-07T17:17:46","slug":"projetos","status":"publish","type":"page","link":"https:\/\/ppgsc2.uefs.br\/nuppiim\/projetos\/","title":{"rendered":"Projetos"},"content":{"rendered":"<h4 style=\"text-align: justify;\"><strong>Projetos de pesquisa em desenvolvimento<\/strong><\/h4>\n<ul>\n<li style=\"text-align: justify;\">Efeito dose-resposta da gravidade da periodontite em doen\u00e7as sist\u00eamicas: infarto agudo do mioc\u00e1rdio, s\u00edndrome metab\u00f3lica e diabetes mellitus (023\/2019)<\/li>\n<li style=\"text-align: justify;\">Investiga\u00e7\u00e3o sobre a COVID-19: a pandemia da infec\u00e7\u00e3o pelo SARSCoV-2 2020 (120\/2020)<\/li>\n<li style=\"text-align: justify;\">Avalia\u00e7\u00e3o do fen\u00f3tipo de c\u00e9lulas T e assinatura molecular na periodontite cr\u00f4nica (079\/2012)<\/li>\n<li style=\"text-align: justify;\">Influ\u00eancia da microbiota e mediadores inflamat\u00f3rios e periodontais na asma grave (147\/2018)<\/li>\n<li style=\"text-align: justify;\">Estudos in silico, in vitro e in vivo aplicados ao tratamento e relacionados \u00e0 determina\u00e7\u00e3o molecular de n\u00edveis de gravidade de COVID-19 (097\/2020)<\/li>\n<li style=\"text-align: justify;\">Efeito de prebi\u00f3ticos, probi\u00f3ticos e simbi\u00f3ticos na mucosite bucal secund\u00e1ria \u00e0 quimioterapia oncol\u00f3gica: estudo experimental em modelo animal (105\/2020)<\/li>\n<li style=\"text-align: justify;\">Avalia\u00e7\u00e3o do efeito imunomodulador de extratos e \u00f3leos essenciais de plantas nativas da regi\u00e3o do semi\u00e1rido baiano na periodontite (002\/2021)<\/li>\n<li style=\"text-align: justify;\">Avalia\u00e7\u00e3o das vias de sinaliza\u00e7\u00e3o MAPKP38, JNK e ERK1\/2 na periodontite (005\/2021)<\/li>\n<li style=\"text-align: justify;\">Condi\u00e7\u00e3o Bucal e S\u00edndrome Metab\u00f3lica. CONSEPE: 928.178\/2014.<\/li>\n<li style=\"text-align: justify;\">Projeto GeraVida \u2013 Pesquisa Multic\u00eantrica sobre Doen\u00e7a Periodontal em Gestantes e Prematuridade\/ Baixo Peso ao Nascer.<br \/>\nSubprojeto:\u00a0Projeto GeraVida \u2013 Pesquisa Multic\u00eantrica sobre Doen\u00e7a Periodontal em Gestantes e Prematuridade\/ Baixo Peso ao Nascer: avalia\u00e7\u00f5es microbiol\u00f3gica, imunol\u00f3gica e imunogen\u00e9tica. CONSEPE:\u00a0065\/013.<\/li>\n<li style=\"text-align: justify;\">Avalia\u00e7\u00e3o longitudinal da osteoporose e doen\u00e7a periodontal em mulheres p\u00f3s-menopausadas. CONSEPE: 067\/2009<\/li>\n<li style=\"text-align: justify;\">An\u00e1lise in silico e in vitro de ep\u00edtopos candidatos de Porphyromonas gingivalis ATCC 33277. CONSEPE: 090\/2014.<\/li>\n<li style=\"text-align: justify;\">Avalia\u00e7\u00e3o do fen\u00f3tipo de c\u00e9lulas T e assinatura molecular na periodontite cr\u00f4nica. CONSEPE 079\/2012.<\/li>\n<li style=\"text-align: justify;\">Avalia\u00e7\u00e3o de marcadores microbiol\u00f3gicos e imunol\u00f3gicos relacionados \u00e0 periodontite cr\u00f4nica na rea\u00e7\u00e3o hans\u00eanica.<\/li>\n<li style=\"text-align: justify;\">Rea\u00e7\u00f5es hans\u00eanicas, condi\u00e7\u00e3o bucal e qualidade de vida em indiv\u00edduos com hansen\u00edase.<\/li>\n<li style=\"text-align: justify;\">Fatores de risco, biomarcadores e endofenotipos da asma grave. CONSEPE: 042\/2012.<\/li>\n<\/ul>\n<h4 style=\"text-align: justify;\"><strong>Programa de extens\u00e3o<\/strong><\/h4>\n<p style=\"text-align: justify;\">\u2981 Programa de Extens\u00e3o em Periodontia. CONSEPE: 078\/2009.<\/p>\n","protected":false},"excerpt":{"rendered":"<p>Projetos de pesquisa em desenvolvimento Efeito dose-resposta da gravidade da periodontite em doen\u00e7as sist\u00eamicas: infarto agudo do mioc\u00e1rdio, s\u00edndrome metab\u00f3lica e diabetes mellitus (023\/2019) Investiga\u00e7\u00e3o sobre a COVID-19: a pandemia [&hellip;]<\/p>\n","protected":false},"author":1,"featured_media":0,"parent":0,"menu_order":0,"comment_status":"closed","ping_status":"closed","template":"","meta":{"footnotes":""},"class_list":["post-53","page","type-page","status-publish","hentry"],"_links":{"self":[{"href":"https:\/\/ppgsc2.uefs.br\/nuppiim\/wp-json\/wp\/v2\/pages\/53","targetHints":{"allow":["GET"]}}],"collection":[{"href":"https:\/\/ppgsc2.uefs.br\/nuppiim\/wp-json\/wp\/v2\/pages"}],"about":[{"href":"https:\/\/ppgsc2.uefs.br\/nuppiim\/wp-json\/wp\/v2\/types\/page"}],"author":[{"embeddable":true,"href":"https:\/\/ppgsc2.uefs.br\/nuppiim\/wp-json\/wp\/v2\/users\/1"}],"replies":[{"embeddable":true,"href":"https:\/\/ppgsc2.uefs.br\/nuppiim\/wp-json\/wp\/v2\/comments?post=53"}],"version-history":[{"count":4,"href":"https:\/\/ppgsc2.uefs.br\/nuppiim\/wp-json\/wp\/v2\/pages\/53\/revisions"}],"predecessor-version":[{"id":186,"href":"https:\/\/ppgsc2.uefs.br\/nuppiim\/wp-json\/wp\/v2\/pages\/53\/revisions\/186"}],"wp:attachment":[{"href":"https:\/\/ppgsc2.uefs.br\/nuppiim\/wp-json\/wp\/v2\/media?parent=53"}],"curies":[{"name":"wp","href":"https:\/\/api.w.org\/{rel}","templated":true}]}}