{"id":42,"date":"2016-04-10T17:44:12","date_gmt":"2016-04-10T20:44:12","guid":{"rendered":"https:\/\/ppgsc2.uefs.br\/nupes\/?page_id=42"},"modified":"2024-06-07T14:56:55","modified_gmt":"2024-06-07T17:56:55","slug":"apresentacao","status":"publish","type":"page","link":"https:\/\/ppgsc2.uefs.br\/nupes\/apresentacao\/","title":{"rendered":"Apresenta\u00e7\u00e3o"},"content":{"rendered":"<p style=\"text-align: justify;\">O N\u00facleo de Pesquisa e Extens\u00e3o em Sa\u00fade (NUPES) tem o objetivo de contribuir para a constru\u00e7\u00e3o do conhecimento cient\u00edfico na \u00e1rea da sa\u00fade nos diferentes aspectos: biol\u00f3gicos, socioculturais e epidemiol\u00f3gicos. As pesquisas desenvolvidas possibilitam o trabalho com alunos de p\u00f3s-gradua\u00e7\u00e3o, tanto em n\u00edvel de doutorado, como de mestrado; e, de gradua\u00e7\u00e3o, com orienta\u00e7\u00f5es desde a inicia\u00e7\u00e3o cient\u00edfica at\u00e9 os trabalhos de conclus\u00e3o de curso. Al\u00e9m disso, esses estudos permitem a realiza\u00e7\u00e3o de um trabalho multidisciplinar, interdepartamental e interinstitucional.<\/p>\n<p style=\"text-align: justify;\">As pesquisas do NUPES est\u00e3o baseadas em tr\u00eas grandes projetos (com sub-projetos) que integram a linha de pesquisa Nutri\u00e7\u00e3o, Aleitamento Materno e Sa\u00fade da Crian\u00e7a.<\/p>\n<p style=\"text-align: justify;\">O primeiro projeto intitulado <strong>Incid\u00eancia e fatores de risco para a mastite em nutrizes atendidas em hospitais credenciados ou n\u00e3o como Amigos da Crian\u00e7a<\/strong>\u00a0(CEP\/UEFS &#8211; Protocolo 12\/2003 e CONSEPE\/UEFS &#8211; Protocolo 57\/2003) trata-se de um estudo de coorte de nascidos vivos, iniciado em 2004, composta por 1309 mulheres que pariram em todos os hospitais da cidade de Feira de Santana. Dando continuidade \u00e0 pesquisa, foram realizados novos projetos com o seguimento da coorte em visitas domiciliares e entrevistas \u00e0s m\u00e3es aos 9, 12, 18, 24, 30 e 72 meses.<\/p>\n<p style=\"text-align: justify;\">O segundo Projeto, intitulado <strong>Efeitos do desmame sobre o h\u00e1bito alimentar e o crescimento infantil<\/strong> (CEP\/UEFS &#8211; Protocolo 077\/2006 e CONSEPE\/UEFS &#8211; Protocolo 154\/2007), foi iniciado no ano de 2006 com objetivo de avaliar o efeito do aleitamento materno, introdu\u00e7\u00e3o dos alimentos complementares e desmame sobre os h\u00e1bitos alimentares, o crescimento e sa\u00fade de crian\u00e7as menores de seis anos de idade.<\/p>\n<p style=\"text-align: justify;\">O terceiro projeto intitulado <strong>Evolu\u00e7\u00e3o dos indicadores de aleitamento materno em Feira de Santana-BA<\/strong>\u00a0iniciou-se em 2008 (CEP\/UEFS &#8211; Protocolo n\u00b0061\/2009) tem como objetivo monitorar os indicadores de aleitamento materno na cidade de Feira de Santana, em menores de 1 ano de idade.<\/p>\n<h4 style=\"text-align: justify;\"><\/h4>\n<h4 style=\"text-align: justify;\">Objetivos<\/h4>\n<p style=\"text-align: justify;\">Contribuir para a constru\u00e7\u00e3o do conhecimento cient\u00edfico na \u00e1rea da sa\u00fade nos diferentes aspectos: biol\u00f3gicos, socioculturais e epidemiol\u00f3gicos;<\/p>\n<p style=\"text-align: justify;\">Pesquisar temas concernentes \u00e0 sa\u00fade da mulher (ciclo grav\u00eddico puerperal), do neonato e da crian\u00e7a (aleitamento materno, crescimento e desenvolvimento, nutri\u00e7\u00e3o);<\/p>\n<p style=\"text-align: justify;\">Desenvolver projetos de extens\u00e3o articulando a pr\u00e1tica do conhecimento cient\u00edfico do ensino e da pesquisa com as necessidades da comunidade;<\/p>\n<p style=\"text-align: justify;\">Estabelecer parcerias com outras universidades atrav\u00e9s de projetos multic\u00eantricos voltados para as tem\u00e1ticas de interesse do NUPES.<\/p>\n<h4><\/h4>\n<h4>Endere\u00e7o no Diret\u00f3rio do Grupo de Pesquisa<\/h4>\n<p><a href=\"http:\/\/dgp.cnpq.br\/dgp\/espelhogrupo\/40476\">http:\/\/dgp.cnpq.br\/dgp\/espelhogrupo\/40476<\/a><\/p>\n","protected":false},"excerpt":{"rendered":"<p>O N\u00facleo de Pesquisa e Extens\u00e3o em Sa\u00fade (NUPES) tem o objetivo de contribuir para a constru\u00e7\u00e3o do conhecimento cient\u00edfico na \u00e1rea da sa\u00fade nos diferentes aspectos: biol\u00f3gicos, socioculturais e [&hellip;]<\/p>\n","protected":false},"author":1,"featured_media":0,"parent":0,"menu_order":0,"comment_status":"closed","ping_status":"closed","template":"","meta":{"footnotes":""},"class_list":["post-42","page","type-page","status-publish","hentry"],"_links":{"self":[{"href":"https:\/\/ppgsc2.uefs.br\/nupes\/wp-json\/wp\/v2\/pages\/42","targetHints":{"allow":["GET"]}}],"collection":[{"href":"https:\/\/ppgsc2.uefs.br\/nupes\/wp-json\/wp\/v2\/pages"}],"about":[{"href":"https:\/\/ppgsc2.uefs.br\/nupes\/wp-json\/wp\/v2\/types\/page"}],"author":[{"embeddable":true,"href":"https:\/\/ppgsc2.uefs.br\/nupes\/wp-json\/wp\/v2\/users\/1"}],"replies":[{"embeddable":true,"href":"https:\/\/ppgsc2.uefs.br\/nupes\/wp-json\/wp\/v2\/comments?post=42"}],"version-history":[{"count":14,"href":"https:\/\/ppgsc2.uefs.br\/nupes\/wp-json\/wp\/v2\/pages\/42\/revisions"}],"predecessor-version":[{"id":157,"href":"https:\/\/ppgsc2.uefs.br\/nupes\/wp-json\/wp\/v2\/pages\/42\/revisions\/157"}],"wp:attachment":[{"href":"https:\/\/ppgsc2.uefs.br\/nupes\/wp-json\/wp\/v2\/media?parent=42"}],"curies":[{"name":"wp","href":"https:\/\/api.w.org\/{rel}","templated":true}]}}