{"id":42,"date":"2016-04-10T17:44:12","date_gmt":"2016-04-10T20:44:12","guid":{"rendered":"https:\/\/ppgsc2.uefs.br\/nudes\/?page_id=42"},"modified":"2021-06-13T21:35:20","modified_gmt":"2021-06-14T00:35:20","slug":"apresentacao","status":"publish","type":"page","link":"https:\/\/ppgsc2.uefs.br\/nudes\/apresentacao\/","title":{"rendered":"Apresenta\u00e7\u00e3o"},"content":{"rendered":"<div id=\"attachment_153\" style=\"width: 1290px\" class=\"wp-caption alignnone\"><img loading=\"lazy\" decoding=\"async\" aria-describedby=\"caption-attachment-153\" class=\"size-full wp-image-153\" src=\"https:\/\/ppgsc2.uefs.br\/nudes\/wp-content\/uploads\/sites\/4\/2018\/04\/IMG-20180223-WA0049.jpg\" alt=\"Equipe NUDES 2018\" width=\"1280\" height=\"960\" \/><p id=\"caption-attachment-153\" class=\"wp-caption-text\">Equipe NUDES 2018<\/p><\/div>\n<p><span style=\"font-weight: 400;\">Diante da necessidade de evidenciar as iniquidades em sa\u00fade a fim de super\u00e1-las, o estabelecimento de grupos de pesquisa sens\u00edveis e comprometidos com a produ\u00e7\u00e3o de conhecimento e discuss\u00e3o sobre o tema, constitui-se numa estrat\u00e9gia primordial para orientar as pol\u00edticas e a\u00e7\u00f5es que buscam superar promover a justi\u00e7a social e no acesso \u00e0 sa\u00fade.<\/span><\/p>\n<p>Entendendo que a produ\u00e7\u00e3o acad\u00eamica al\u00e9m de atender a demanda dos movimentos sociais deve servir de base para a formula\u00e7\u00e3o de pol\u00edticas p\u00fablicas e interven\u00e7\u00f5es de \u00e2mbito populacional, a cria\u00e7\u00e3o do NUDES reveste-se de especial import\u00e2ncia para a Sa\u00fade P\u00fablica. Portanto, a implanta\u00e7\u00e3o desse n\u00facleo representa um avan\u00e7o na produ\u00e7\u00e3o de pesquisas e realiza\u00e7\u00e3o de pr\u00e1ticas na comunidade com vistas a redu\u00e7\u00e3o das iniquidades em sa\u00fade em Feira de Santana e regi\u00e3o.<\/p>\n<p>O NUDES tem como \u00e1rea de conhecimento predominante as desigualdades em sa\u00fade segundo ra\u00e7a\/cor, g\u00eanero, classe, regi\u00e3o, acesso entre grupos espec\u00edficos e popula\u00e7\u00f5es vulnerabilizadas; viol\u00eancia em suas diversas formas, sa\u00fade coletiva, epidemiologia de doen\u00e7as e agravos e servi\u00e7os de sa\u00fade.<\/p>\n<h4>Objetivos<\/h4>\n<ul>\n<li style=\"font-weight: 400;\"><span style=\"font-weight: 400;\">Produzir conhecimento sobre as doen\u00e7as e agravos considerando as desigualdades em sa\u00fade segundo ra\u00e7a\/cor, g\u00eanero, classe, regi\u00e3o, acesso entre grupos espec\u00edficos e popula\u00e7\u00f5es vulnerabilizadas e viol\u00eancia em suas diversas formas.<\/span><\/li>\n<li style=\"font-weight: 400;\"><span style=\"font-weight: 400;\">Aplicar o conhecimento produzido academicamente e no contexto social.<\/span><\/li>\n<li style=\"font-weight: 400;\"><span style=\"font-weight: 400;\">Formar pesquisadores e profissionais de sa\u00fade na tem\u00e1tica sa\u00fade coletiva com destaque para as desigualdades sociais em sa\u00fade segundo ra\u00e7a\/cor, g\u00eanero, classe, regi\u00e3o, acesso entre grupos espec\u00edficos e popula\u00e7\u00f5es vulner\u00e1veis e viol\u00eancia em suas diversas formas.<\/span><\/li>\n<li>Fomentar o intercambio de docentes e discentes entre a UEFS e outras universidades brasileiras e estrangeiras.<\/li>\n<li style=\"font-weight: 400;\"><span style=\"font-weight: 400;\">Fortalecer os cursos de gradua\u00e7\u00e3o da \u00e1rea de sa\u00fade e afins e os cursos de P\u00f3s Gradua\u00e7\u00e3o em Sa\u00fade Coletiva e de Enfermagem da UEFS em n\u00edvel de mestrado e doutorado.<\/span><\/li>\n<li style=\"font-weight: 400;\"><span style=\"font-weight: 400;\">Contribuir para a consolida\u00e7\u00e3o do Sistema \u00danico de Sa\u00fade do Brasil.<\/span><\/li>\n<\/ul>\n<p>&nbsp;<\/p>\n<h4 style=\"text-align: justify;\">Endere\u00e7o do Diret\u00f3rio de Grupos de Pesquisa<\/h4>\n<p><a href=\"http:\/\/dgp.cnpq.br\/dgp\/espelhogrupo\/1101525480965625\">dgp.cnpq.br\/dgp\/espelhogrupo\/1101525480965625<\/a><\/p>\n","protected":false},"excerpt":{"rendered":"<p>Diante da necessidade de evidenciar as iniquidades em sa\u00fade a fim de super\u00e1-las, o estabelecimento de grupos de pesquisa sens\u00edveis e comprometidos com a produ\u00e7\u00e3o de conhecimento e discuss\u00e3o sobre [&hellip;]<\/p>\n","protected":false},"author":1,"featured_media":0,"parent":0,"menu_order":0,"comment_status":"closed","ping_status":"closed","template":"","meta":{"footnotes":""},"class_list":["post-42","page","type-page","status-publish","hentry"],"_links":{"self":[{"href":"https:\/\/ppgsc2.uefs.br\/nudes\/wp-json\/wp\/v2\/pages\/42","targetHints":{"allow":["GET"]}}],"collection":[{"href":"https:\/\/ppgsc2.uefs.br\/nudes\/wp-json\/wp\/v2\/pages"}],"about":[{"href":"https:\/\/ppgsc2.uefs.br\/nudes\/wp-json\/wp\/v2\/types\/page"}],"author":[{"embeddable":true,"href":"https:\/\/ppgsc2.uefs.br\/nudes\/wp-json\/wp\/v2\/users\/1"}],"replies":[{"embeddable":true,"href":"https:\/\/ppgsc2.uefs.br\/nudes\/wp-json\/wp\/v2\/comments?post=42"}],"version-history":[{"count":12,"href":"https:\/\/ppgsc2.uefs.br\/nudes\/wp-json\/wp\/v2\/pages\/42\/revisions"}],"predecessor-version":[{"id":177,"href":"https:\/\/ppgsc2.uefs.br\/nudes\/wp-json\/wp\/v2\/pages\/42\/revisions\/177"}],"wp:attachment":[{"href":"https:\/\/ppgsc2.uefs.br\/nudes\/wp-json\/wp\/v2\/media?parent=42"}],"curies":[{"name":"wp","href":"https:\/\/api.w.org\/{rel}","templated":true}]}}