{"id":302,"date":"2021-04-25T11:50:34","date_gmt":"2021-04-25T14:50:34","guid":{"rendered":"https:\/\/ppgsc2.uefs.br\/nnepa\/?page_id=302"},"modified":"2025-09-23T09:48:41","modified_gmt":"2025-09-23T12:48:41","slug":"capitulo-de-livros","status":"publish","type":"page","link":"https:\/\/ppgsc2.uefs.br\/nnepa\/capitulo-de-livros\/","title":{"rendered":"Cap\u00edtulo de livros"},"content":{"rendered":"<h3 class=\"font_8\" style=\"text-align: justify;\"><strong><span class=\"color_2\"><span style=\"color: #008000;\">Cap\u00edtulo(s) de livros<\/span><br \/>\n<\/span><\/strong><\/h3>\n<p>COSTA, M.C.O; FREITAS, K. S. ; MUSSE, J. O. . INVESTIGA\u00c7\u00d5ES SOBRE VIOL\u00caNCIAS NA INF\u00c2NCIA, NA ADOLESC\u00caNCIA E NA JUVENTUDE. In: Maria Concei\u00e7\u00e3o Oliveira Costa. (Org.). RELA\u00c7\u00d5ES DE INTIMIDADE ENTRE JOVENS E A VIOL\u00caNCIA EVID\u00caNCIAS TE\u00d3RICAS E DE PESQUISAS COM DISTINTAS ABORDAGENS METODOL\u00d3GICAS. 1ed.Curitiba: Appris, 2023, v. 1, p. 13-20.<\/p>\n<p>SANTANA, M. A. O. ; COSTA, M.C.O ; SUTO, C. S. S. . TEORIAS E MODELOS EXPLICATIVOS DA VIOL\u00caNCIA NAS RELA\u00c7\u00d5ES DE INTIMIDADE. In: Maria Concei\u00e7\u00e3o Oliveira Costa. (Org.). RELA\u00c7\u00d5ES DE INTIMIDADE ENTRE JOVENS E A VIOL\u00caNCIA: EVID\u00caNCIAS TE\u00d3RICAS E DE PESQUISAS COM DISTINTAS ABORDAGENS METODOL\u00d3GICAS. 1ed.Curitiba: Appris, 2023, v. 1, p. 23-52.<\/p>\n<p>SANTOS, C. B. A. ; FERREIRA, M. E. R. ; NASCIMENTO, O. C. ; COSTA, M.C.O . VIOL\u00caNCIA NAS RELA\u00c7\u00d5ES DE INTIMIDADE DE ADOLESCENTES E JOVENS. In: Maria Concei\u00e7\u00e3o Oliveira Costa. (Org.). RELA\u00c7\u00d5ES DE INTIMIDADE ENTRE JOVENS E A VIOL\u00caNCIA: EVID\u00caNCIAS TE\u00d3RICAS E DE PESQUISAS COM DISTINTAS ABORDAGENS METODOL\u00d3GICAS. 1ed.Curitiba: Appris, 2023, v. 1, p. 53-82.<\/p>\n<p>SANTANA, M. A. O. ; COSTA, M.C.O ; SUTO, C. S. S. ; CARVALHO, E. S. S. . Pesquisa I: Viol\u00eancia psicol\u00f3gica nas rela\u00e7\u00f5es de namoro de casais adolescentes e adultos jovens: manifesta\u00e7\u00f5es sutis e ostensivas. In: Maria Concei\u00e7\u00e3o Oliveira Costa. (Org.). RELA\u00c7\u00d5ES DE INTIMIDADE ENTRE JOVENS E A VIOL\u00caNCIA: EVID\u00caNCIAS TE\u00d3RICAS E DE PESQUISAS COM DISTINTAS ABORDAGENS METODOL\u00d3GICAS. 1ed.Curitiba: Appris, 2023, v. 1, p. 117-139.<\/p>\n<p>FERREIRA, M. E. R. ; COSTA, M.C.O ; SANTANA, M. A. O. . Pesquisa II: Rela\u00e7\u00f5es violentas de jovens com seus pares: experi\u00eancias. In: Maria Concei\u00e7\u00e3o Oliveira Costa. (Org.). RELA\u00c7\u00d5ES DE INTIMIDADE ENTRE JOVENS E A VIOL\u00caNCIA: EVID\u00caNCIAS TE\u00d3RICAS E DE PESQUISAS COM DISTINTAS ABORDAGENS METODOL\u00d3GICAS. 1ed.Curitiba: Appris, 2023, v. 1, p. 140-156.<\/p>\n<p>NASCIMENTO, O. C. ; COSTA, M.C.O ; AMARAL, M. T. R. . Pesquisa III: Comportamentos internalizantes e externalizantes de adolescentes e adultos jovens e associa\u00e7\u00e3o com a condi\u00e7\u00e3o de v\u00edtima ou agressor nas rela\u00e7\u00f5es afetivo-sexuais?. RELA\u00c7\u00d5ES DE INTIMIDADE ENTRE JOVENS E A VIOL\u00caNCIA: EVID\u00caNCIAS TE\u00d3RICAS E DE PESQUISAS COM DISTINTAS ABORDAGENS METODOL\u00d3GICAS. 1ed.Curitiba: Appris, 2023, v. 1, p. 157-173.<\/p>\n<p>SANTOS, C. B. A. ; COSTA, M.C.O ; AMARAL, M. T. R. ; CONTRERAS, \u00a0. Pesquisa IV: Viol\u00eancia f\u00edsica nas rela\u00e7\u00f5es afetivo-sexuais de jovens: contribui\u00e7\u00f5es da an\u00e1lise de classes latentes e regress\u00e3o log\u00edstica bin\u00e1ria?. In: Maria Concei\u00e7\u00e3o Oliveira Costa. (Org.). RELA\u00c7\u00d5ES DE INTIMIDADE ENTRE JOVENS E A VIOL\u00caNCIA: EVID\u00caNCIAS TE\u00d3RICAS E DE PESQUISAS COM DISTINTAS ABORDAGENS METODOL\u00d3GICAS. 1ed.Curitiba: Appris, 2023, v. 1, p. 174-198.<\/p>\n<p>LOPES, TAMIRES MUNIZ AVELAR DA SILVA ; COSTA, M.C.O ; BARRETO, C. S. L. A. ; MARTINS J\u00daNIOR, D. F. ; GALVAO, L. R. ; ROSARIO, W. O. ; BARROS, N. F. . CEN\u00c1RIO EPIDEMIOL\u00d3GICO DOS CASOS DE HIV-AIDS NA ADOLESC\u00caNCIA E JUVENTUDE NO ESTADO DA BAHIA. In: Jader Lu\u00eds da Silveira. (Org.). Abordagens em Sa\u00fade: F\u00edsica, Mental e Social. 1ed.Formiga: Uniesmero, 2022, v. 2, p. 1-192.<\/p>\n<p style=\"text-align: justify;\"><span style=\"color: #008000;\"><strong>Ciclo de vitimiza\u00e7\u00e3o e perpetra\u00e7\u00e3o da viol\u00eancia nas rela\u00e7\u00f5es de jovens com seus pares: perfil e din\u00e2mica dos atores e manifesta\u00e7\u00f5es abusivas<\/strong><\/span><\/p>\n<p style=\"text-align: justify;\">FERREIRA, M. E. R.; <strong>COSTA, M. C. O<\/strong>; SANTANA, M. A. O. <strong>Ciclo de vitimiza\u00e7\u00e3o e perpetra\u00e7\u00e3o da viol\u00eancia nas rela\u00e7\u00f5es de jovens com seus pares: perfil e din\u00e2mica dos atores e manifesta\u00e7\u00f5es abusivas<\/strong>. In: Di\u00e1logos interdisciplinares em pesquisa qualitativa.1 ed.Curitiba: CRV, 2021, p. 1-13.<\/p>\n<p style=\"text-align: justify;\"><span style=\"color: #008000;\"><strong>Epis\u00f3dios violentos em rela\u00e7\u00f5es de intimidade e amizade de jovens: an\u00e1lise de similitudes<\/strong><\/span><\/p>\n<p style=\"text-align: justify;\">SANTANA, M. A. O.; <strong>COSTA, M.C.O<\/strong>; SUTO, C. S.; NASCIMENTO, O. C.; MARTINS, C. C. <strong>Epis\u00f3dios violentos em rela\u00e7\u00f5es de intimidade e amizade de jovens: an\u00e1lise de similitudes<\/strong>. In: Di\u00e1logos interdisciplinares em pesquisa qualitativa. 2 ed.Curitiba: CRV, 2021, p. 1-13.<\/p>\n<p style=\"text-align: justify;\"><span style=\"color: #008000;\"><strong>Fatores associados \u00e0 viol\u00eancia f\u00edsica grave em crian\u00e7as: uma amostragem nacional<\/strong><\/span><\/p>\n<p style=\"text-align: justify;\">Silva, Mona Lisa Cordeiro Asselta da; <strong>COSTA, MARIA CONCEI\u00c7\u00c3O OLIVEIRA<\/strong>; AMARAL, MAGALI TERES\u00d3POLIS REIS; ALMEIDA, ANDR\u00c9 HENRIQUE DO VALE DE; Barreto, Christianne Sheilla Leal Almeida. <strong>Fatores associados \u00e0 viol\u00eancia f\u00edsica grave em crian\u00e7as: uma amostragem nacional<\/strong> In: A\u00e7\u00f5es que ampliam o acesso e a qualidade na aten\u00e7\u00e3o odontol\u00f3gica. 1 ed.Ponta Grossa: Atena Editora, 2020, v.1, p. 82-96.<\/p>\n<p style=\"text-align: justify;\"><span style=\"color: #008000;\"><strong>Rela\u00e7\u00f5es violentas entre jovens e seus pares: manifesta\u00e7\u00f5es abusivas e sentimentos envolvidos<\/strong><\/span><\/p>\n<p style=\"text-align: justify;\">PEIXOTO, A. C. A.; MOERBECK. A. C; SA, F. P.; ALMEIDA, L. O.; FERREIRA, M. E. R.; <strong>COSTA, M.C.O<\/strong>; NASCIMENTO, O. C. <strong>Rela\u00e7\u00f5es violentas entre jovens e seus pares: manifesta\u00e7\u00f5es abusivas e sentimentos envolvidos.<\/strong> In: Olhares Interdisciplinares sobre Mulheres e a Viol\u00eancia nas Rela\u00e7\u00f5es de Intimidade. 1, 2020, v.1, p. 1-88.<\/p>\n<p style=\"text-align: justify;\"><span style=\"color: #008000;\"><strong>Viol\u00eancia contra as mulheres sob a perspectiva da Sa\u00fade Mental<\/strong><\/span><\/p>\n<p style=\"text-align: justify;\">NASCIMENTO, O. C.; COSTA, A. M. <strong>Viol\u00eancia contra as mulheres sob a perspectiva da Sa\u00fade Mental.<\/strong> In: COSTA, A. M. (Org.). Olhares interdisciplinares sobre mulheres e a viol\u00eancia nas rela\u00e7\u00f5es de intimidade.\u00a0\u00a0 Concei\u00e7\u00e3o do Coit\u00e9: PG Editorial, 2020, p. 35. ISBN 978-65-991846-5-9 1. T\u00edtulo. CDU: 347.426. PG EDITORIAL E-mail: contato@pgeditorial.com; IG: @pgeditorial; <a href=\"http:\/\/www.pgeditorial.com\/2020\">www.pgeditorial.com\/2020.<\/a><\/p>\n<p style=\"text-align: justify;\"><span style=\"color: #008000;\"><strong><span class=\"color_2\">Problemas comuns de Sa\u00fade na Adolesc\u00eancia.<\/span><\/strong><\/span><\/p>\n<p style=\"text-align: justify;\"><span class=\"color_2\">FEIJ\u00d3, R. B.;\u00a0COSTA, M.C.O.;\u00a0CRUZ, N. L. A. Problemas comuns de Sa\u00fade na Adolesc\u00eancia. In: DUCAN, B.B.; GIUGLIANI, E. R. J; SCHIMIDT, M. I. (Org.). <strong>Medicina Ambulatorial.<\/strong> 4.ed. Porto Alegre: Artmed, 2013, p.1.<\/span><\/p>\n<p style=\"text-align: justify;\"><span style=\"color: #008000;\"><strong><span class=\"color_2\">O desafio da identifica\u00e7\u00e3o, preven\u00e7\u00e3o e atendimento de crian\u00e7as e adolescentes em situa\u00e7\u00e3o de viol\u00eancia.<\/span><\/strong><\/span><\/p>\n<p style=\"text-align: justify;\"><span class=\"color_2\">COSTA, M.C.O.; SANTOS, N. L. A. C. O desafio da identifica\u00e7\u00e3o, preven\u00e7\u00e3o e atendimento de crian\u00e7as e adolescentes em situa\u00e7\u00e3o de viol\u00eancia. In: COSTA, M. C. O. (Org.). <strong>Viol\u00eancia e vitimiza\u00e7\u00e3o na inf\u00e2ncia e adolesc\u00eancia: a inclus\u00e3o da escola no reconhecimento e preven\u00e7\u00e3o.<\/strong> 1.ed. Feira de Santana: UEFS Editora, 2013, v. 1, p. 19-26.<\/span><\/p>\n<p style=\"text-align: justify;\"><strong><span class=\"color_2\"><span style=\"color: #008000;\">O papel da escola na rede de enfrentamento da viol\u00eancia sexual: professores e alunos na identifica\u00e7\u00e3o de casos<\/span>.<\/span><\/strong><\/p>\n<p style=\"text-align: justify;\"><span class=\"color_2\">COSTA, M. C. O.; CARVALHO, R. C.; SANTOS, N. L. A. C.; SANTANA, M. A. O.; SANTOS, N. C. N. O papel da escola na rede de enfrentamento da viol\u00eancia sexual: professores e alunos na identifica\u00e7\u00e3o de casos. In: Maria Concei\u00e7\u00e3o Oliveira Costa. (Org.). <strong>Viol\u00eancia e vitimiza\u00e7\u00e3o na inf\u00e2ncia e adolesc\u00eancia: a inclus\u00e3o da escola no reconhecimento e preven\u00e7\u00e3o.<\/strong> 1ed. Feira de Santana: UEFS Editora, 2013, v. 1, p. 29-45.<\/span><\/p>\n<p style=\"text-align: justify;\"><span class=\"color_2\" style=\"color: #008000;\"><strong>Mecanismos pessoais de promo\u00e7\u00e3o e prote\u00e7\u00e3o \u00e0 sa\u00fade e qualidade de vida. In: Maria Concei\u00e7\u00e3o Oliveira Costa.<\/strong><\/span><\/p>\n<p style=\"text-align: justify;\"><span class=\"color_2\">COSTA, M. C. O.;CARVALHO, R. C.; SANTOS, N. L. A. C. Mecanismos pessoais de promo\u00e7\u00e3o e prote\u00e7\u00e3o \u00e0 sa\u00fade e qualidade de vida. In: Maria Concei\u00e7\u00e3o Oliveira Costa. (Org.). <strong>Viol\u00eancia e vitimiza\u00e7\u00e3o na inf\u00e2ncia e adolesc\u00eancia: a inclus\u00e3o da escola no reconhecimento e preven\u00e7\u00e3o.<\/strong> 1ed. Feira de Santana: UEFS Editora, 2013, v. 1, p. 49-58.<\/span><\/p>\n<p style=\"text-align: justify;\"><span style=\"color: #008000;\"><strong> <span class=\"color_2\">Est-ce que l&#8217;\u00e9valuation des signalements corrobor\u00e9s \u00e0 la DPJ estbiais\u00e9eselon le sexe et l&#8217;\u00e2ge des enfantsmaltrait\u00e9s.<\/span><\/strong><\/span><\/p>\n<p style=\"text-align: justify;\"><span class=\"color_2\">BIGRAS, M.;\u00a0COSTA, M.C.O. Est-ce que l&#8217;\u00e9valuation des signalementscorrobor\u00e9s \u00e0 la DPJ estbiais\u00e9eselon le sexe et l&#8217;\u00e2ge des enfantsmaltrait\u00e9s. In: D\u00c9RY, M.; DENAULT, A. S.; LEMELIN,J. P. (Org.). <strong>Aide aux jeunes en difficult\u00e9 de comportement regards surnospratiques.<\/strong> 1 ed. Qu\u00e9bec: Universit\u00e9 de Sherbrooke, 2010, v. 1.<\/span><\/p>\n<p style=\"text-align: justify;\"><span class=\"color_2\" style=\"color: #008000;\"><strong>Marcas de Mordidas e Violencia contra a crian\u00e7a: relato de caso.<\/strong><\/span><\/p>\n<p style=\"text-align: justify;\"><span class=\"color_2\">MARQUES, J. A. M.;CAMPOS, M.V. S. Marcas de Mordidas e Violencia contra a crian\u00e7a: relato de caso. In: MARQUES, J.A.M.; GALV\u00c3O, L.C.C.; SILVA, M. (Org.). <strong>Marcas de Mordidas.<\/strong> Feira de Santana: UEFS, 2007, v. 14, p. 253-278.<\/span><\/p>\n","protected":false},"excerpt":{"rendered":"<p>Cap\u00edtulo(s) de livros COSTA, M.C.O; FREITAS, K. S. ; MUSSE, J. O. . INVESTIGA\u00c7\u00d5ES SOBRE VIOL\u00caNCIAS NA INF\u00c2NCIA, NA ADOLESC\u00caNCIA E NA JUVENTUDE. In: Maria Concei\u00e7\u00e3o Oliveira Costa. (Org.). RELA\u00c7\u00d5ES [&hellip;]<\/p>\n","protected":false},"author":8,"featured_media":0,"parent":0,"menu_order":13,"comment_status":"closed","ping_status":"closed","template":"","meta":{"footnotes":""},"class_list":["post-302","page","type-page","status-publish","hentry"],"_links":{"self":[{"href":"https:\/\/ppgsc2.uefs.br\/nnepa\/wp-json\/wp\/v2\/pages\/302","targetHints":{"allow":["GET"]}}],"collection":[{"href":"https:\/\/ppgsc2.uefs.br\/nnepa\/wp-json\/wp\/v2\/pages"}],"about":[{"href":"https:\/\/ppgsc2.uefs.br\/nnepa\/wp-json\/wp\/v2\/types\/page"}],"author":[{"embeddable":true,"href":"https:\/\/ppgsc2.uefs.br\/nnepa\/wp-json\/wp\/v2\/users\/8"}],"replies":[{"embeddable":true,"href":"https:\/\/ppgsc2.uefs.br\/nnepa\/wp-json\/wp\/v2\/comments?post=302"}],"version-history":[{"count":4,"href":"https:\/\/ppgsc2.uefs.br\/nnepa\/wp-json\/wp\/v2\/pages\/302\/revisions"}],"predecessor-version":[{"id":382,"href":"https:\/\/ppgsc2.uefs.br\/nnepa\/wp-json\/wp\/v2\/pages\/302\/revisions\/382"}],"wp:attachment":[{"href":"https:\/\/ppgsc2.uefs.br\/nnepa\/wp-json\/wp\/v2\/media?parent=302"}],"curies":[{"name":"wp","href":"https:\/\/api.w.org\/{rel}","templated":true}]}}