{"id":66,"date":"2016-04-10T19:25:06","date_gmt":"2016-04-10T22:25:06","guid":{"rendered":"https:\/\/ppgsc2.uefs.br\/nievs\/?page_id=66"},"modified":"2024-06-07T14:38:43","modified_gmt":"2024-06-07T17:38:43","slug":"contato","status":"publish","type":"page","link":"https:\/\/ppgsc2.uefs.br\/nievs\/contato\/","title":{"rendered":"Contato"},"content":{"rendered":"<p><strong>Endere\u00e7o: <\/strong>Avenida Transnordestina, s\/n &#8211; Novo Horizonte \u2013 Pr\u00e9dio da P\u00f3s Gradua\u00e7\u00e3o em Sa\u00fade Coletiva.<\/p>\n<p><strong>Telefone fixo: <\/strong>(75) 3161-8167<\/p>\n<p><strong>E-mail:<\/strong> <a href=\"mailto:nievs@uefs.br\">nievs@uefs.br<\/a><\/p>\n<p><strong>Instagran:<\/strong> <a href=\"https:\/\/www.instagram.com\/nievsuefs\/\">@nievsuefs<\/a><\/p>\n","protected":false},"excerpt":{"rendered":"<p>Endere\u00e7o: Avenida Transnordestina, s\/n &#8211; Novo Horizonte \u2013 Pr\u00e9dio da P\u00f3s Gradua\u00e7\u00e3o em Sa\u00fade Coletiva. Telefone fixo: (75) 3161-8167 E-mail: nievs@uefs.br Instagran: @nievsuefs<\/p>\n","protected":false},"author":1,"featured_media":0,"parent":0,"menu_order":0,"comment_status":"closed","ping_status":"closed","template":"","meta":{"footnotes":""},"class_list":["post-66","page","type-page","status-publish","hentry"],"_links":{"self":[{"href":"https:\/\/ppgsc2.uefs.br\/nievs\/wp-json\/wp\/v2\/pages\/66","targetHints":{"allow":["GET"]}}],"collection":[{"href":"https:\/\/ppgsc2.uefs.br\/nievs\/wp-json\/wp\/v2\/pages"}],"about":[{"href":"https:\/\/ppgsc2.uefs.br\/nievs\/wp-json\/wp\/v2\/types\/page"}],"author":[{"embeddable":true,"href":"https:\/\/ppgsc2.uefs.br\/nievs\/wp-json\/wp\/v2\/users\/1"}],"replies":[{"embeddable":true,"href":"https:\/\/ppgsc2.uefs.br\/nievs\/wp-json\/wp\/v2\/comments?post=66"}],"version-history":[{"count":6,"href":"https:\/\/ppgsc2.uefs.br\/nievs\/wp-json\/wp\/v2\/pages\/66\/revisions"}],"predecessor-version":[{"id":114,"href":"https:\/\/ppgsc2.uefs.br\/nievs\/wp-json\/wp\/v2\/pages\/66\/revisions\/114"}],"wp:attachment":[{"href":"https:\/\/ppgsc2.uefs.br\/nievs\/wp-json\/wp\/v2\/media?parent=66"}],"curies":[{"name":"wp","href":"https:\/\/api.w.org\/{rel}","templated":true}]}}