{"id":45,"date":"2016-04-10T17:47:09","date_gmt":"2016-04-10T20:47:09","guid":{"rendered":"https:\/\/ppgsc2.uefs.br\/nievs\/?page_id=45"},"modified":"2025-09-23T12:02:22","modified_gmt":"2025-09-23T15:02:22","slug":"equipe","status":"publish","type":"page","link":"https:\/\/ppgsc2.uefs.br\/nievs\/equipe\/","title":{"rendered":"Equipe"},"content":{"rendered":"<p>L\u00edder(es) do grupo: Sinara de Lima Souza e Aisiane Cedraz Morais<\/p>\n<p><span style=\"color: #333333; font-size: 18px;\"><br \/>\nPesquisadores<\/span><\/p>\n<ul>\n<li>Climene Laura de Camargo (Doutorado)<\/li>\n<li>Luzimara Gomes Melo (Mestrado)<\/li>\n<li>Caroline Barreto Freire Oliveira (Mestrado)<\/li>\n<li>Maria das Gra\u00e7as Bomfim de Carvalho (Doutorado)<\/li>\n<li>Celestino Amorim Amoedo (Mestrado)<\/li>\n<li>Judith Sena da Silva Santana (Doutorado)<\/li>\n<li>Sinara de Lima Souza (Doutorado)<\/li>\n<li>Nadjane Gon\u00e7alves de Oliveira (Mestrado)<\/li>\n<li>Rosana Alves de Melo\u00a0(Doutorado)<\/li>\n<li>Rosely Cabral de Carvalho (Doutorado)<\/li>\n<li>Carina Pimentel Souza Batista (Mestrado)<\/li>\n<li>Leilane Lacerda Anuncia\u00e7\u00e3o (Mestrado Profissional)<\/li>\n<li>Givanildo da Silva Nery (Doutorado)<\/li>\n<li>Aisiane Cedraz Morais (Doutorado)<\/li>\n<li>Jo\u00e3o Danilo Batista de Oliveira (Doutorado)<\/li>\n<li>Carmen Li\u00eata Ressurrei\u00e7\u00e3o dos Santos (Mestrado)<\/li>\n<li>Luma Costa Pereira Peixoto\u00a0(Doutorado)<\/li>\n<li>Diene Monique Carlos\u00a0(Doutorado)<\/li>\n<li>Maria Aparecida Beserra (Doutorado)<\/li>\n<li>Jaciele dos Santos Lima (Mestrado)<\/li>\n<\/ul>\n<h4><\/h4>\n<h4>Estudantes<\/h4>\n<ul>\n<li>Iandra Sara dos Santos Ferreira (Especializa\u00e7\u00e3o)<\/li>\n<li>Priscila Lima de Oliveira<\/li>\n<li>Greice Kely Oliveira de Souza (Mestrado)<\/li>\n<li>Val\u00e9ria Purifica\u00e7\u00e3o Hamburgo\u00a0(Especializa\u00e7\u00e3o)<\/li>\n<li>Thayn\u00e1 Oliveira Milit\u00e3o\u00a0(Gradua\u00e7\u00e3o)<\/li>\n<li>Mariedna Santos de Jesus<\/li>\n<li>Renata Sampaio Santana (Mestrado)<\/li>\n<li>Isamara de Souza Lima (Especializa\u00e7\u00e3o)<\/li>\n<li>Everthon Fraga de Oliveira (Gradua\u00e7\u00e3o)<\/li>\n<li>Rayciane Santos Suzart Ramos\u00a0(Gradua\u00e7\u00e3o)<\/li>\n<li>L\u00edvia Caroline Leite Silva (Mestrado)<\/li>\n<\/ul>\n<h4 style=\"display: inline !important;\"><\/h4>\n<h4 style=\"display: inline !important;\">T\u00e9cnico<\/h4>\n<ul>\n<li>Paulo Amaro dos Santos (Gradua\u00e7\u00e3o &#8211; Farmac\u00eautico)<\/li>\n<\/ul>\n","protected":false},"excerpt":{"rendered":"<p>L\u00edder(es) do grupo: Sinara de Lima Souza e Aisiane Cedraz Morais Pesquisadores Climene Laura de Camargo (Doutorado) Luzimara Gomes Melo (Mestrado) Caroline Barreto Freire Oliveira (Mestrado) Maria das Gra\u00e7as Bomfim [&hellip;]<\/p>\n","protected":false},"author":1,"featured_media":0,"parent":0,"menu_order":0,"comment_status":"closed","ping_status":"closed","template":"","meta":{"footnotes":""},"class_list":["post-45","page","type-page","status-publish","hentry"],"_links":{"self":[{"href":"https:\/\/ppgsc2.uefs.br\/nievs\/wp-json\/wp\/v2\/pages\/45","targetHints":{"allow":["GET"]}}],"collection":[{"href":"https:\/\/ppgsc2.uefs.br\/nievs\/wp-json\/wp\/v2\/pages"}],"about":[{"href":"https:\/\/ppgsc2.uefs.br\/nievs\/wp-json\/wp\/v2\/types\/page"}],"author":[{"embeddable":true,"href":"https:\/\/ppgsc2.uefs.br\/nievs\/wp-json\/wp\/v2\/users\/1"}],"replies":[{"embeddable":true,"href":"https:\/\/ppgsc2.uefs.br\/nievs\/wp-json\/wp\/v2\/comments?post=45"}],"version-history":[{"count":10,"href":"https:\/\/ppgsc2.uefs.br\/nievs\/wp-json\/wp\/v2\/pages\/45\/revisions"}],"predecessor-version":[{"id":157,"href":"https:\/\/ppgsc2.uefs.br\/nievs\/wp-json\/wp\/v2\/pages\/45\/revisions\/157"}],"wp:attachment":[{"href":"https:\/\/ppgsc2.uefs.br\/nievs\/wp-json\/wp\/v2\/media?parent=45"}],"curies":[{"name":"wp","href":"https:\/\/api.w.org\/{rel}","templated":true}]}}