{"id":48,"date":"2021-06-14T01:44:39","date_gmt":"2021-06-14T01:44:39","guid":{"rendered":"https:\/\/ppgsc2.uefs.br\/cogitare\/?page_id=48"},"modified":"2024-06-07T18:28:49","modified_gmt":"2024-06-07T18:28:49","slug":"projetos","status":"publish","type":"page","link":"https:\/\/ppgsc2.uefs.br\/cogitare\/projetos\/","title":{"rendered":"Projetos"},"content":{"rendered":"<p style=\"text-align: justify;\"><b>Projetos de pesquisa em desenvolvimento<\/b><\/p>\n<p style=\"text-align: justify;\"><b>ESTIGMA RELACIONADO \u00c0 SA\u00daDE DIRIGIDO A GRUPOS EM VULNERABILIDADE E SUAS IMPLICA\u00c7\u00d5ES PARA O CUIDADO<\/b><\/p>\n<ul>\n<li style=\"text-align: justify;\"><span style=\"font-weight: 400;\">Gestantes adoecidas cr\u00f4nicas, e gestantes com doen\u00e7a falciforme;<\/span><\/li>\n<li style=\"text-align: justify;\"><span style=\"font-weight: 400;\">Pessoas com doen\u00e7a falciforme (crian\u00e7as, adolescentes e adultos) e seus familiares<\/span><\/li>\n<li style=\"text-align: justify;\"><span style=\"font-weight: 400;\">Profissionais de sa\u00fade que cuidam de pessoas com DF nas emerg\u00eancias<\/span><\/li>\n<li style=\"text-align: justify;\"><span style=\"font-weight: 400;\">Tecnologias para o autocuidado e enfrentamento do estigma na DF<\/span><\/li>\n<li style=\"text-align: justify;\"><span style=\"font-weight: 400;\">Mulheres e homens estomizados;<\/span><\/li>\n<li style=\"text-align: justify;\"><span style=\"font-weight: 400;\">Mulheres e homens com feridas cr\u00f4nicas<\/span><\/li>\n<\/ul>\n<p style=\"text-align: justify;\"><span style=\"font-weight: 400;\">\u00a0<\/span><\/p>\n<p style=\"text-align: justify;\"><b>EXPERI\u00caNCIA DO ESTIGMA RELACIONADO \u00c0 COVID-19 NO CONTEXTO BRASILEIRO<\/b><\/p>\n<ul>\n<li style=\"text-align: justify;\"><span style=\"font-weight: 400;\">Profissionais de sa\u00fade que atuam na linha de frente da Covid 19;<\/span><\/li>\n<li style=\"text-align: justify;\"><span style=\"font-weight: 400;\">Mulheres e homens que vivenciaram Covid-19<\/span><\/li>\n<li style=\"text-align: justify;\"><span style=\"font-weight: 400;\">Ageismo dirigido a pessoas idosas no contexto pand\u00eamico;<\/span><\/li>\n<\/ul>\n<p style=\"text-align: justify;\">\n<p style=\"text-align: justify;\"><b>DIMENS\u00d5ES E PRATICAS DE CUIDADO NO CONTEXTO FAMILIAR DE CRIAN\u00c7AS COM MICROCEFALIA ASSOCIADA AO ZIKA VIRUS<\/b><\/p>\n<ul>\n<li style=\"text-align: justify;\"><span style=\"font-weight: 400;\">Cuidado unit\u00e1rio em familiares de crian\u00e7as com SCZ<\/span><\/li>\n<li style=\"text-align: justify;\"><span style=\"font-weight: 400;\">Estigma dirigido aos familiares de crian\u00e7as com SCZ<\/span><\/li>\n<\/ul>\n<p style=\"text-align: justify;\"><span style=\"font-weight: 400;\">\u00a0<\/span><\/p>\n<p style=\"text-align: justify;\"><b>SEGURAN\u00c7A DO PACIENTE PEDI\u00c1TRICO E SUA FAM\u00cdLIA<\/b><span style=\"font-weight: 400;\">: estudo de tecnologias eventos adversos relacionados \u00e0 terapia intravascular perif\u00e9rica<\/span><\/p>\n<ul>\n<li style=\"text-align: justify;\"><span style=\"font-weight: 400;\">Participa\u00e7\u00e3o de familiares durante a TIVP<\/span><\/li>\n<li style=\"text-align: justify;\"><span style=\"font-weight: 400;\">Participa\u00e7\u00e3o da crian\u00e7a durante a TIVP<\/span><\/li>\n<li style=\"text-align: justify;\"><span style=\"font-weight: 400;\">Tecnologias para o cuidado seguro na TIVP<\/span><\/li>\n<\/ul>\n<p style=\"text-align: justify;\"><span style=\"font-weight: 400;\">\u00a0<\/span><\/p>\n<p style=\"text-align: justify;\"><b>CUIDADO, REDE DE ASSIST\u00caNCIA \u00c0 SA\u00daDE E COTIDIANO DE PESSOAS COM DEFICI\u00caNCIA MOTORA E SUAS FAM\u00cdLIAS EM FEIRA DE SANTANA<\/b><\/p>\n<ul>\n<li style=\"text-align: justify;\"><span style=\"font-weight: 400;\">Itinerarios terap\u00eauticos de pessoas com defici\u00eancia motora<\/span><\/li>\n<li style=\"text-align: justify;\"><span style=\"font-weight: 400;\">Cuidado a pessoas com defici\u00eancia visual<\/span><\/li>\n<li style=\"text-align: justify;\"><span style=\"font-weight: 400;\">Tecnologias de cuidado, e tecnologias assistivas<\/span><\/li>\n<li style=\"text-align: justify;\"><span style=\"font-weight: 400;\">Vivencias familiares\u00a0<\/span><\/li>\n<\/ul>\n<p style=\"text-align: justify;\">\n<p style=\"text-align: justify;\"><b>Projetos de extens\u00e3o<\/b><\/p>\n<p style=\"text-align: justify;\"><b>IKINI &#8211; Pr\u00e1ticas de cuidado \u00e0s pessoas com doen\u00e7a falciforme e suas fam\u00edlias.<\/b><\/p>\n<p style=\"text-align: justify;\"><span style=\"font-weight: 400;\">Descri\u00e7\u00e3o: Este projeto justifica-se pela expressiva incid\u00eancia da doen\u00e7a falciforme na popula\u00e7\u00e3o afrodescendente, considerada predominante em Feira de Santana, e por ser uma quest\u00e3o de sa\u00fade p\u00fablica. Tem como objetivo geral impactar sobre a qualidade de vida de pessoas com DF e suas fam\u00edlias, reduzir complica\u00e7\u00f5es, hospitaliza\u00e7\u00e3o e mortalidade desse grupo populacional em Feira de Santana, atrav\u00e9s da cria\u00e7\u00e3o de espa\u00e7os de presta\u00e7\u00e3o do cuidado e qualifica\u00e7\u00e3o permanente dos trabalhadores da sa\u00fade para o atendimento de pessoas com doen\u00e7a falciforme e suas fam\u00edlias, com enfoque no autocuidado e qualidade de vida.<\/span><\/p>\n<p style=\"text-align: justify;\">\n<p style=\"text-align: justify;\">\n<p style=\"text-align: justify;\"><b>PELE S\u00c3: estudos e pr\u00e1ticas multidisciplinares de cuidado \u00e0s pessoas acometidas ou sob risco de desenvolver \u00falceras por press\u00e3o, e suas fam\u00edlias, atendidas no Hospital Geral Cl\u00e9riston Andrade.<\/b><\/p>\n<p style=\"text-align: justify;\"><span style=\"font-weight: 400;\">Descri\u00e7\u00e3o: Esta proposta, a ser desenvolvida no Hospital Geral C\u00e9riston Andrade, tem por objetivo criar espa\u00e7o de cuidado e forma\u00e7\u00e3o profissional qualificado no atendimento de necessidades das pessoas acometidas por ulceras por press\u00e3o e\/ou com susceptibilidade para desenvolv\u00ea-las, vislumbrando a redu\u00e7\u00e3o da morbidade hospitalar, mutila\u00e7\u00f5es e \u00f3bitos conseq\u00fcentes da complica\u00e7\u00e3o das UP. E, desenvolver pr\u00e1tica de educa\u00e7\u00e3o em sa\u00fade no contexto hospitalar com enfoque no preparo de fam\u00edlias para o enfrentamento de situa\u00e7\u00f5es de sa\u00fade, com enfoque na preven\u00e7\u00e3o de danos, e no desenvolvimento da autonomia para a continuidade dos cuidados de manuten\u00e7\u00e3o da vida? Para tanto ser\u00e3o aplicadas escalas de predi\u00e7\u00e3o de risco (Norton e Braden) para identifica\u00e7\u00e3o do grau de risco para o desenvolvimento de UP nas pessoas que ingressam no hospital.<\/span><\/p>\n<p style=\"text-align: justify;\"><b>Universidades Parceiras<\/b><\/p>\n<p style=\"text-align: justify;\"><span style=\"font-weight: 400;\">Universidade Federal da Bahia &#8211; UFBA<\/span><\/p>\n<p style=\"text-align: justify;\"><span style=\"font-weight: 400;\">Universidade do Estado da Bahia \u2013 UNEB<\/span><\/p>\n<p style=\"text-align: justify;\"><span style=\"font-weight: 400;\">Universidade de Campinas \u2013 UNICAMP<\/span><\/p>\n","protected":false},"excerpt":{"rendered":"<p>Projetos de pesquisa em desenvolvimento ESTIGMA RELACIONADO \u00c0 SA\u00daDE DIRIGIDO A GRUPOS EM VULNERABILIDADE E SUAS IMPLICA\u00c7\u00d5ES PARA O CUIDADO Gestantes adoecidas cr\u00f4nicas, e gestantes com doen\u00e7a falciforme; Pessoas com [&hellip;]<\/p>\n","protected":false},"author":1,"featured_media":0,"parent":0,"menu_order":0,"comment_status":"closed","ping_status":"closed","template":"","meta":{"_eb_attr":"","footnotes":""},"class_list":["post-48","page","type-page","status-publish","hentry"],"_links":{"self":[{"href":"https:\/\/ppgsc2.uefs.br\/cogitare\/wp-json\/wp\/v2\/pages\/48","targetHints":{"allow":["GET"]}}],"collection":[{"href":"https:\/\/ppgsc2.uefs.br\/cogitare\/wp-json\/wp\/v2\/pages"}],"about":[{"href":"https:\/\/ppgsc2.uefs.br\/cogitare\/wp-json\/wp\/v2\/types\/page"}],"author":[{"embeddable":true,"href":"https:\/\/ppgsc2.uefs.br\/cogitare\/wp-json\/wp\/v2\/users\/1"}],"replies":[{"embeddable":true,"href":"https:\/\/ppgsc2.uefs.br\/cogitare\/wp-json\/wp\/v2\/comments?post=48"}],"version-history":[{"count":2,"href":"https:\/\/ppgsc2.uefs.br\/cogitare\/wp-json\/wp\/v2\/pages\/48\/revisions"}],"predecessor-version":[{"id":64,"href":"https:\/\/ppgsc2.uefs.br\/cogitare\/wp-json\/wp\/v2\/pages\/48\/revisions\/64"}],"wp:attachment":[{"href":"https:\/\/ppgsc2.uefs.br\/cogitare\/wp-json\/wp\/v2\/media?parent=48"}],"curies":[{"name":"wp","href":"https:\/\/api.w.org\/{rel}","templated":true}]}}