{"id":38,"date":"2021-06-14T01:29:27","date_gmt":"2021-06-14T01:29:27","guid":{"rendered":"https:\/\/ppgsc2.uefs.br\/cogitare\/?page_id=38"},"modified":"2024-06-07T18:28:49","modified_gmt":"2024-06-07T18:28:49","slug":"apresentacao","status":"publish","type":"page","link":"https:\/\/ppgsc2.uefs.br\/cogitare\/apresentacao\/","title":{"rendered":"Apresenta\u00e7\u00e3o"},"content":{"rendered":"<p style=\"text-align: justify;\"><a href=\"https:\/\/ppgsc2.uefs.br\/cogitare\/wp-content\/uploads\/sites\/18\/2021\/06\/cogitare.jpg\"><img loading=\"lazy\" decoding=\"async\" class=\"aligncenter size-full wp-image-55\" src=\"https:\/\/ppgsc2.uefs.br\/cogitare\/wp-content\/uploads\/sites\/18\/2021\/06\/cogitare.jpg\" alt=\"cogitare\" width=\"400\" height=\"100\" \/><\/a><\/p>\n<p style=\"text-align: justify;\">\n<p style=\"text-align: justify;\"><span style=\"font-weight: 400;\">O N\u00facleo de Pesquisa COGITARE <\/span><b>&#8211; Pesquisas sobre representa\u00e7\u00f5es, pr\u00e1ticas de cuidado e seguran\u00e7a na sa\u00fade de grupos em vulnerabilidade, <\/b><span style=\"font-weight: 400;\">foi institucionalizado em maio de 2017, vinculado ao Departamento de Sa\u00fade da Universidade Estadual de Feira de Santana.<\/span><\/p>\n<p style=\"text-align: justify;\"><span style=\"font-weight: 400;\">Surgiu da necessidade de aprofundar os estudos sobre corpo, g\u00eanero e seguran\u00e7a na sa\u00fade, principalmente da necessidade de que o campo da Sa\u00fade possa dialogar com outras disciplinas para a compreens\u00e3o do corpo e dos corpos enquanto focos de cuidados (corpos dos usu\u00e1rios) e enquanto instrumentos de cuidar (corpos de cuidadores), a seguran\u00e7a na sa\u00fade como meta do cuidado e promotora de melhores desfechos cl\u00ednicos e assistenciais e redu\u00e7\u00e3o da vulnerabilidade.\u00a0<\/span><\/p>\n<p style=\"text-align: justify;\"><span style=\"font-weight: 400;\">Nesta perspectiva pretende-se reunir pesquisadoras e pesquisadoras que contribuam com a discuss\u00e3o das desigualdades geradas por leituras generificadas, racializadas e estereotipadas do corpo que cuida e do corpo que \u00e9 cuidado no contexto da forma\u00e7\u00e3o e da presta\u00e7\u00e3o de servi\u00e7os de sa\u00fade. Bem como com compet\u00eancias para o desenvolvimento de pr\u00e1ticas, processos, procedimentos e tecnologias para interven\u00e7\u00f5es seguras nos variados cen\u00e1rios de cuidado.<\/span><\/p>\n<p style=\"text-align: justify;\"><span style=\"font-weight: 400;\">O termo COGITARE tem sua origem no Latim, no verbo cogitar que significa pensar, cuidar, ponderar e refletir. A logomarca do n\u00facleo \u00e9 um c\u00edrculo formado por pessoas de diferentes identidades, forma\u00e7\u00e3o e interesses que se d\u00e3o as m\u00e3os para se fortalecerem e construir conhecimento de modo compartilhado. Sua forma recorda uma mandala, que representa em sua forma circular a troca de energias, a intersubjetividade, o cuidado transpessoal e a capacidade de transforma\u00e7\u00e3o e sustenta\u00e7\u00e3o da vida. A imagem foi idealizada como logomarca do<\/span><a href=\"https:\/\/seminariointernacionalcorpo.wordpress.com\/sobre\/\"> <span style=\"font-weight: 400;\">Semin\u00e1rio Internacional: Corpo, Representa\u00e7\u00f5es e Praticas de Cuidado Integral no Adoecimento Cr\u00f4nico<\/span><\/a><span style=\"font-weight: 400;\">, ocorrido em Novembro de 2016, ocasi\u00e3o em que os encontros e\u00a0 aprendizados influenciados pela presen\u00e7a da Enfermeira e autora da Teoria do Cuidado Transpessoal a Profa Dra. Jean Watson motivou a cria\u00e7\u00e3o do grupo. O uso da cor lil\u00e1s simboliza respeito, dignidade, sinceridade e espiritualidade, e a cor amarela ao centro significa luz, calor, otimismo e criatividade.<\/span><\/p>\n<p style=\"text-align: justify;\"><span style=\"font-weight: 400;\">\u00a0<\/span><\/p>\n<p style=\"text-align: justify;\"><b>OBJETIVOS<\/b><\/p>\n<ul>\n<li style=\"font-weight: 400; text-align: justify;\"><span style=\"font-weight: 400;\">Engajar novos\/as pesquisadores\/as e discentes na atividade de ensino, pesquisa e extens\u00e3o. Para tal, a inser\u00e7\u00e3o desses dar-se-\u00e1 por meio de projetos de pesquisa e extens\u00e3o, e programas existentes na Universidade;<\/span><\/li>\n<li style=\"font-weight: 400; text-align: justify;\"><span style=\"font-weight: 400;\">Qualificar discentes, docentes e demais trabalhadores do campo da sa\u00fade e das ci\u00eancias sociais para a utiliza\u00e7\u00e3o de m\u00e9todos e t\u00e9cnicas de pesquisa;<\/span><\/li>\n<li style=\"font-weight: 400; text-align: justify;\"><span style=\"font-weight: 400;\">Contribuir para o desenvolvimento de formas inovadoras no processo de cuidar em sa\u00fade, atrav\u00e9s de estudos, pesquisas e divulga\u00e7\u00e3o de conhecimentos acerca do cuidado em sa\u00fade numa perspectiva multi e interdisciplinar, visando a melhoria da qualidade da assist\u00eancia e do processo de cuidar;<\/span><\/li>\n<li style=\"font-weight: 400; text-align: justify;\"><span style=\"font-weight: 400;\">Promover a coopera\u00e7\u00e3o cient\u00edfica entre institui\u00e7\u00f5es p\u00fablicas e privadas, e unidades de presta\u00e7\u00e3o de assist\u00eancia para o desenvolvimento de atividade t\u00e9cnico-cientifico que permita interven\u00e7\u00e3o sobre a realidade e difus\u00e3o do conhecimento;<\/span><\/li>\n<li style=\"font-weight: 400; text-align: justify;\"><span style=\"font-weight: 400;\">Promover interc\u00e2mbio cient\u00edfico com pesquisadores e organiza\u00e7\u00f5es nacionais e internacionais, que fortale\u00e7a as atividades de\u00a0 ensino, pesquisa e extens\u00e3o de temas contidos nas linhas propostas pelo N\u00facleo de Pesquisa.<\/span><\/li>\n<\/ul>\n<p>&nbsp;<\/p>\n<h4 style=\"text-align: justify;\">Endere\u00e7o do Diret\u00f3rio de Grupos de Pesquisa<\/h4>\n<p><a href=\"http:\/\/dgp.cnpq.br\/dgp\/espelhogrupo\/243529\"><span style=\"font-weight: 400;\">http:\/\/dgp.cnpq.br\/dgp\/espelhogrupo\/243529<\/span><\/a><\/p>\n","protected":false},"excerpt":{"rendered":"<p>O N\u00facleo de Pesquisa COGITARE &#8211; Pesquisas sobre representa\u00e7\u00f5es, pr\u00e1ticas de cuidado e seguran\u00e7a na sa\u00fade de grupos em vulnerabilidade, foi institucionalizado em maio de 2017, vinculado ao Departamento de [&hellip;]<\/p>\n","protected":false},"author":1,"featured_media":0,"parent":0,"menu_order":0,"comment_status":"closed","ping_status":"closed","template":"","meta":{"_eb_attr":"","footnotes":""},"class_list":["post-38","page","type-page","status-publish","hentry"],"_links":{"self":[{"href":"https:\/\/ppgsc2.uefs.br\/cogitare\/wp-json\/wp\/v2\/pages\/38","targetHints":{"allow":["GET"]}}],"collection":[{"href":"https:\/\/ppgsc2.uefs.br\/cogitare\/wp-json\/wp\/v2\/pages"}],"about":[{"href":"https:\/\/ppgsc2.uefs.br\/cogitare\/wp-json\/wp\/v2\/types\/page"}],"author":[{"embeddable":true,"href":"https:\/\/ppgsc2.uefs.br\/cogitare\/wp-json\/wp\/v2\/users\/1"}],"replies":[{"embeddable":true,"href":"https:\/\/ppgsc2.uefs.br\/cogitare\/wp-json\/wp\/v2\/comments?post=38"}],"version-history":[{"count":3,"href":"https:\/\/ppgsc2.uefs.br\/cogitare\/wp-json\/wp\/v2\/pages\/38\/revisions"}],"predecessor-version":[{"id":56,"href":"https:\/\/ppgsc2.uefs.br\/cogitare\/wp-json\/wp\/v2\/pages\/38\/revisions\/56"}],"wp:attachment":[{"href":"https:\/\/ppgsc2.uefs.br\/cogitare\/wp-json\/wp\/v2\/media?parent=38"}],"curies":[{"name":"wp","href":"https:\/\/api.w.org\/{rel}","templated":true}]}}